{"id":56,"date":"2016-02-03T13:43:17","date_gmt":"2016-02-03T13:43:17","guid":{"rendered":"http:\/\/www.bangfilmes.com.br\/saosebastiao\/?page_id=56"},"modified":"2016-03-11T17:59:14","modified_gmt":"2016-03-11T17:59:14","slug":"bang-na-midia","status":"publish","type":"page","link":"https:\/\/www.bangfilmes.com.br\/saosebastiao\/bang-na-midia\/","title":{"rendered":"Bang na M\u00eddia"},"content":{"rendered":"<h1>Not\u00edcias<\/h1>\n<h4>Confira as \u00faltimas not\u00edcias que sa\u00edram na m\u00eddia sobre a Bang Filmes<\/h4>\n<!-- meta slider -->\n<div style=\"max-width: 1400px;\" class=\"metaslider metaslider-nivo metaslider-178 ml-slider\">\n    \n    <div id=\"metaslider_container_178\">\n        <div class='slider-wrapper theme-default'>\n            <div class='ribbon'><\/div>\n            <div id='metaslider_178' class='nivoSlider'>\n                <a href=\"http:\/\/www.bangfilmes.com.br\/wp-content\/uploads\/sites\/6\/2016\/03\/Agenda_Cultural_RJ_-Documentario-_Sao_Sebastiao_do_Rio_de_Janeiro.pdf\" target=\"_blank\"><img loading=\"lazy\" decoding=\"async\" src=\"https:\/\/www.bangfilmes.com.br\/saosebastiao\/wp-content\/uploads\/sites\/6\/2016\/02\/noticia-1.jpg\" height=\"450\" width=\"1400\" data-title=\"&lt;h3&gt;Agenda Cultural Rio de Janeiro&lt;\/h3&gt;\r\n&lt;p&gt;Document&aacute;rio &quot;S&atilde;o Sebasti&atilde;o do Rio de Janeiro - a forma&ccedil;&atilde;o de uma cidade&quot;, de Juliana de Carvalho, tem pr&eacute;-estreia na Cidade das Artes, na Barra, com entrada franca!&lt;\/p&gt;\" alt=\"\" class=\"slider-178 slide-263\" \/><\/a>\n                <a href=\"http:\/\/www.bangfilmes.com.br\/wp-content\/uploads\/sites\/6\/2016\/02\/Exibicao_doc-_Sao_Sebastia.pdf\" target=\"_blank\"><img loading=\"lazy\" decoding=\"async\" src=\"https:\/\/www.bangfilmes.com.br\/saosebastiao\/wp-content\/uploads\/sites\/6\/2016\/03\/slider-na-midia4.jpg\" height=\"450\" width=\"1400\" data-title=\"&lt;h3&gt;Portal Max Press 16-02-2016&lt;\/h3&gt;\r\n&lt;p&gt;Exibi&ccedil;&atilde;o gratuita do document&aacute;rio &quot;S&atilde;o Sebasti&atilde;o do Rio de Janeiro a forma&ccedil;&atilde;o de uma cidade&quot;&lt;\/p&gt;\" alt=\"\" class=\"slider-178 slide-502\" \/><\/a>\n                <a href=\"http:\/\/www.bangfilmes.com.br\/wp-content\/uploads\/sites\/6\/2016\/03\/Document%C3%A1rio_Sao_Sebastiao_Rio_de_Janeiro_na_Cidade_das_Artes.pdf\" target=\"_blank\"><img loading=\"lazy\" decoding=\"async\" src=\"https:\/\/www.bangfilmes.com.br\/saosebastiao\/wp-content\/uploads\/sites\/6\/2016\/02\/noticia2.jpg\" height=\"450\" width=\"1400\" data-title=\"&lt;h3&gt;Almanaque da Cultura&lt;\/h3&gt;\r\n&lt;p&gt;Document&aacute;rio &lsquo;S&atilde;o Sebasti&atilde;o do Rio de Janeiro&rsquo; &eacute; exibido na Cidade das Artes, no Rio.&lt;\/p&gt;\" alt=\"\" class=\"slider-178 slide-264\" \/><\/a>\n            <\/div>\n        <\/div>\n        \n    <\/div>\n    <script type=\"text\/javascript\">\n        var metaslider_178 = function($) {\n            $('#metaslider_178').nivoSlider({ \n                boxCols:7,\n                boxRows:5,\n                pauseTime:3000,\n                effect:\"fade\",\n                controlNav:false,\n                directionNav:true,\n                pauseOnHover:true,\n                animSpeed:600,\n                prevText:\"&lt;\",\n                nextText:\"&gt;\",\n                slices:15,\n                manualAdvance:false\n            });\n        };\n        var timer_metaslider_178 = function() {\n            var slider = !window.jQuery ? window.setTimeout(timer_metaslider_178, 100) : !jQuery.isReady ? window.setTimeout(timer_metaslider_178, 1) : metaslider_178(window.jQuery);\n        };\n        timer_metaslider_178();\n    <\/script>\n<\/div>\n<!--\/\/ meta slider-->\n&nbsp;<br \/>\n&nbsp;<br \/>\n<div class=\" col-md-6\" id=\"\" style=\"text-align:;\">\n<h1>2016<\/h1>\n<h4>Portal MaxPress 16-02-2016<\/h4>\n<p><a href=\"http:\/\/www.bangfilmes.com.br\/wp-content\/uploads\/sites\/6\/2016\/02\/Exibicao_doc-_Sao_Sebastia.pdf\" target=\"_blank\" rel=\"\"><img loading=\"lazy\" decoding=\"async\" class=\"alignleft size-full wp-image-461\" src=\"http:\/\/www.bangfilmes.com.br\/wp-content\/uploads\/sites\/6\/2016\/02\/PDF-Icon-small.png\" alt=\"PDF-Icon-small\" width=\"40\" height=\"46\" \/><\/a><\/p>\n<h4>Portal Almanaque da Cultura 06-02-2016<\/h4>\n<p><a href=\"http:\/\/www.bangfilmes.com.br\/wp-content\/uploads\/sites\/6\/2016\/03\/Document\u00e1rio_Sao_Sebastiao_Rio_de_Janeiro_na_Cidade_das_Artes.pdf\" target=\"_blank\" rel=\"\"><img loading=\"lazy\" decoding=\"async\" class=\"alignleft size-full wp-image-461\" src=\"http:\/\/www.bangfilmes.com.br\/wp-content\/uploads\/sites\/6\/2016\/02\/PDF-Icon-small.png\" alt=\"PDF-Icon-small\" width=\"40\" height=\"46\" \/><\/a><\/p>\n<h4>Portal Barra Up RJ 03-02-2016<\/h4>\n<p><a href=\"http:\/\/www.bangfilmes.com.br\/wp-content\/uploads\/sites\/6\/2016\/03\/Document\u00e1rio-sobre-a-forma\u00e7\u00e3o-do-Rio-na-Cidade-das-Artes-_-BarraUP.pdf\" target=\"_blank\" rel=\"\"><img loading=\"lazy\" decoding=\"async\" class=\"alignleft size-full wp-image-461\" src=\"http:\/\/www.bangfilmes.com.br\/wp-content\/uploads\/sites\/6\/2016\/02\/PDF-Icon-small.png\" alt=\"PDF-Icon-small\" width=\"40\" height=\"46\" \/><\/a><\/p>\n<h4>Portal Agenda Cultural RJ 23-02-2016<\/h4>\n<p><a href=\"http:\/\/www.bangfilmes.com.br\/wp-content\/uploads\/sites\/6\/2016\/03\/Agenda_Cultural_RJ_-Documentario-_Sao_Sebastiao_do_Rio_de_Janeiro.pdf\" target=\"_blank\" rel=\"\"><img loading=\"lazy\" decoding=\"async\" class=\"alignleft size-full wp-image-461\" src=\"http:\/\/www.bangfilmes.com.br\/wp-content\/uploads\/sites\/6\/2016\/02\/PDF-Icon-small.png\" alt=\"PDF-Icon-small\" width=\"40\" height=\"46\" \/><\/a><\/p>\n<h4>Portal Catraca Livre 22-02-2016<\/h4>\n<p><a href=\"http:\/\/www.bangfilmes.com.br\/wp-content\/uploads\/sites\/6\/2016\/03\/5_cineclubes_para_curtir_Catraca_Livre.pdf\" target=\"_blank\" rel=\"\"><img loading=\"lazy\" decoding=\"async\" class=\"alignleft size-full wp-image-461\" src=\"http:\/\/www.bangfilmes.com.br\/wp-content\/uploads\/sites\/6\/2016\/02\/PDF-Icon-small.png\" alt=\"PDF-Icon-small\" width=\"40\" height=\"46\" \/><\/a><\/p>\n<\/div>\n<div class=\" col-md-6\" id=\"\" style=\"text-align:;\">\n<h1>2015<\/h1>\n<h4>Portal Envolverde 10-02-2015<\/h4>\n<p><a href=\"http:\/\/www.bangfilmes.com.br\/wp-content\/uploads\/sites\/6\/2016\/02\/SUPERCLIP_Sao_Sebastiao_A_Formacao_de_uma_Cidade.pdf\" target=\"_blank\" rel=\"\"><img loading=\"lazy\" decoding=\"async\" class=\"alignleft size-full wp-image-461\" src=\"http:\/\/www.bangfilmes.com.br\/wp-content\/uploads\/sites\/6\/2016\/02\/PDF-Icon-small.png\" alt=\"PDF-Icon-small\" width=\"40\" height=\"46\" \/><\/a><\/p>\n<h4>Revista Veja Rio 19-10-2015<\/h4>\n<p><a href=\"http:\/\/www.bangfilmes.com.br\/wp-content\/uploads\/sites\/6\/2016\/02\/SUPERCLIP_-Um-templo-suntuoso.pdf\" target=\"_blank\" rel=\"\"><img loading=\"lazy\" decoding=\"async\" class=\"alignleft size-full wp-image-461\" src=\"http:\/\/www.bangfilmes.com.br\/wp-content\/uploads\/sites\/6\/2016\/02\/PDF-Icon-small.png\" alt=\"PDF-Icon-small\" width=\"40\" height=\"46\" \/><\/a><\/p>\n<h4>O Globo 17-12-2015<\/h4>\n<p><a href=\"http:\/\/www.bangfilmes.com.br\/wp-content\/uploads\/sites\/6\/2016\/02\/SUPERCLIP_-8-minutos-com-Pascal-Cuissot.pdf\" target=\"_blank\" rel=\"\"><img loading=\"lazy\" decoding=\"async\" class=\"alignleft size-full wp-image-461\" src=\"http:\/\/www.bangfilmes.com.br\/wp-content\/uploads\/sites\/6\/2016\/02\/PDF-Icon-small.png\" alt=\"PDF-Icon-small\" width=\"40\" height=\"46\" \/><\/a><\/p>\n<h4>O Globo 10-11-2015<\/h4>\n<p><a href=\"http:\/\/www.bangfilmes.com.br\/wp-content\/uploads\/sites\/6\/2016\/02\/SUPERCLIP_-Degradacao_no_Paraiba_do_Sul_sera_tema_documentario.pdf\" target=\"_blank\" rel=\"\"><img loading=\"lazy\" decoding=\"async\" class=\"alignleft size-full wp-image-461\" src=\"http:\/\/www.bangfilmes.com.br\/wp-content\/uploads\/sites\/6\/2016\/02\/PDF-Icon-small.png\" alt=\"PDF-Icon-small\" width=\"40\" height=\"46\" \/><\/a><\/p>\n<h4>Portal G1 08-11-2015<\/h4>\n<p><a href=\"http:\/\/www.bangfilmes.com.br\/wp-content\/uploads\/sites\/6\/2016\/02\/SUPERCLIP_-Documentario_formacao_do_Rio.pdf\" target=\"_blank\" rel=\"\"><img loading=\"lazy\" decoding=\"async\" class=\"alignleft size-full wp-image-461\" src=\"http:\/\/www.bangfilmes.com.br\/wp-content\/uploads\/sites\/6\/2016\/02\/PDF-Icon-small.png\" alt=\"PDF-Icon-small\" width=\"40\" height=\"46\" \/><\/a><\/p>\n<h4>Portal G1 08-11-2015<\/h4>\n<p><a href=\"http:\/\/www.bangfilmes.com.br\/wp-content\/uploads\/sites\/6\/2016\/02\/SUPERCLIP_-Documentario_formacao_do_Rio.pdf\" target=\"_blank\" rel=\"\"><img loading=\"lazy\" decoding=\"async\" class=\"alignleft size-full wp-image-461\" src=\"http:\/\/www.bangfilmes.com.br\/wp-content\/uploads\/sites\/6\/2016\/02\/PDF-Icon-small.png\" alt=\"PDF-Icon-small\" width=\"40\" height=\"46\" \/><\/a><\/p>\n<h4>Jornal O Globo 01-10-2015<\/h4>\n<p><a href=\"http:\/\/www.bangfilmes.com.br\/wp-content\/uploads\/sites\/6\/2016\/02\/SUPERCLIP_-Genio_redivivo.pdf\" target=\"_blank\" rel=\"\"><img loading=\"lazy\" decoding=\"async\" class=\"alignleft size-full wp-image-461\" src=\"http:\/\/www.bangfilmes.com.br\/wp-content\/uploads\/sites\/6\/2016\/02\/PDF-Icon-small.png\" alt=\"PDF-Icon-small\" width=\"40\" height=\"46\" \/><\/a><\/p>\n<h4>Blog Lu Lacerda &#8211; Lulacerda.ig.com.br\/<\/h4>\n<p><a href=\"http:\/\/www.bangfilmes.com.br\/wp-content\/uploads\/sites\/6\/2016\/02\/SUPERCLIP_-Leilane-Neubarth-narra-documentario-do-Festival-do-Rio.pdf\" target=\"_blank\" rel=\"\"><img loading=\"lazy\" decoding=\"async\" class=\"alignleft size-full wp-image-461\" src=\"http:\/\/www.bangfilmes.com.br\/wp-content\/uploads\/sites\/6\/2016\/02\/PDF-Icon-small.png\" alt=\"PDF-Icon-small\" width=\"40\" height=\"46\" \/><\/a><\/p>\n<h4>Revista Veja Rio 16-10-2015<\/h4>\n<p><a href=\"http:\/\/www.bangfilmes.com.br\/wp-content\/uploads\/sites\/6\/2016\/02\/SUPERCLIP_-Livro_reune_fotos_de_lugares_do_Rio_e_objetos.pdf\" target=\"_blank\" rel=\"\"><img loading=\"lazy\" decoding=\"async\" class=\"alignleft size-full wp-image-461\" src=\"http:\/\/www.bangfilmes.com.br\/wp-content\/uploads\/sites\/6\/2016\/02\/PDF-Icon-small.png\" alt=\"PDF-Icon-small\" width=\"40\" height=\"46\" \/><\/a><\/p>\n<h4>Jornal O Dia 21-11-2015<\/h4>\n<p><a href=\"http:\/\/www.bangfilmes.com.br\/wp-content\/uploads\/sites\/6\/2016\/02\/SUPERCLIP_-poucasboas.pdf\" target=\"_blank\" rel=\"\"><img loading=\"lazy\" decoding=\"async\" class=\"alignleft size-full wp-image-461\" src=\"http:\/\/www.bangfilmes.com.br\/wp-content\/uploads\/sites\/6\/2016\/02\/PDF-Icon-small.png\" alt=\"PDF-Icon-small\" width=\"40\" height=\"46\" \/><\/a><\/p>\n<h4>Jornal O Globo 09-11-2015<\/h4>\n<p><a href=\"http:\/\/www.bangfilmes.com.br\/wp-content\/uploads\/sites\/6\/2016\/02\/SUPERCLIP_-RIO-DE-PASSADO.pdf\" target=\"_blank\" rel=\"\"><img loading=\"lazy\" decoding=\"async\" class=\"alignleft size-full wp-image-461\" src=\"http:\/\/www.bangfilmes.com.br\/wp-content\/uploads\/sites\/6\/2016\/02\/PDF-Icon-small.png\" alt=\"PDF-Icon-small\" width=\"40\" height=\"46\" \/><\/a><\/p>\n<h4>Jornal O Globo 23-11-2015<\/h4>\n<p><a href=\"http:\/\/www.bangfilmes.com.br\/wp-content\/uploads\/sites\/6\/2016\/02\/SUPERCLIP_-UM-OLHAR-ESTRANGEIRO.pdf\" target=\"_blank\" rel=\"\"><img loading=\"lazy\" decoding=\"async\" class=\"alignleft size-full wp-image-461\" src=\"http:\/\/www.bangfilmes.com.br\/wp-content\/uploads\/sites\/6\/2016\/02\/PDF-Icon-small.png\" alt=\"PDF-Icon-small\" width=\"40\" height=\"46\" \/><\/a><br \/>\n<\/div>\n","protected":false},"excerpt":{"rendered":"<p>Not\u00edcias Confira as \u00faltimas not\u00edcias que sa\u00edram na m\u00eddia sobre a Bang Filmes &nbsp; &nbsp;<\/p>\n","protected":false},"author":1,"featured_media":0,"parent":0,"menu_order":0,"comment_status":"closed","ping_status":"closed","template":"","meta":{"footnotes":""},"class_list":["post-56","page","type-page","status-publish","hentry"],"_links":{"self":[{"href":"https:\/\/www.bangfilmes.com.br\/saosebastiao\/wp-json\/wp\/v2\/pages\/56","targetHints":{"allow":["GET"]}}],"collection":[{"href":"https:\/\/www.bangfilmes.com.br\/saosebastiao\/wp-json\/wp\/v2\/pages"}],"about":[{"href":"https:\/\/www.bangfilmes.com.br\/saosebastiao\/wp-json\/wp\/v2\/types\/page"}],"author":[{"embeddable":true,"href":"https:\/\/www.bangfilmes.com.br\/saosebastiao\/wp-json\/wp\/v2\/users\/1"}],"replies":[{"embeddable":true,"href":"https:\/\/www.bangfilmes.com.br\/saosebastiao\/wp-json\/wp\/v2\/comments?post=56"}],"version-history":[{"count":40,"href":"https:\/\/www.bangfilmes.com.br\/saosebastiao\/wp-json\/wp\/v2\/pages\/56\/revisions"}],"predecessor-version":[{"id":505,"href":"https:\/\/www.bangfilmes.com.br\/saosebastiao\/wp-json\/wp\/v2\/pages\/56\/revisions\/505"}],"wp:attachment":[{"href":"https:\/\/www.bangfilmes.com.br\/saosebastiao\/wp-json\/wp\/v2\/media?parent=56"}],"curies":[{"name":"wp","href":"https:\/\/api.w.org\/{rel}","templated":true}]}}